u = -f*a + 52, -2*a - 6*u + 2*u = -32. What is the units digit of a?
4
Suppose -5*v + 18 = s, 2*v + 2*s + 9 = 7*v. Let n = -3 + v. Suppose -5*g + 16 = -h, h + 1 - 5 = n. What is the units digit of g?
4
Let n = -20 - -21. Let u = 25 - n. What is the tens digit of u?
2
Suppose -4*l - 100 = l. Let t = 30 + l. What is the units digit of t?
0
Let c be ((-13)/3 - 0)*3. Suppose 8*d + 4 = 4*d. Let i = d - c. What is the units digit of i?
2
Let h(n) be the first derivative of -n**2/2 - 3*n - 2. Suppose 2*o - 3 + 13 = 0. What is the units digit of h(o)?
2
Let f = 77 + 14. Let x = -50 + f. What is the tens digit of x?
4
Suppose -g + 3*g = 22. Let x = g + -1. What is the tens digit of x?
1
Let k = -80 - -123. What is the units digit of k?
3
Suppose -2*y = -18 - 42. What is the units digit of y?
0
What is the units digit of (1/1 - 2)*(-6 - -4)?
2
What is the units digit of ((-1308)/(-15))/(2/5)?
8
Let u(c) = c**2 + c - 3. Let o be u(-3). Let z be (0/2)/o - -2. Suppose -5*w + 3 = -z. What is the units digit of w?
1
Let q = 183 + 115. What is the units digit of q?
8
Suppose 0 = -9*d + 211 + 32. What is the tens digit of d?
2
What is the units digit of (-2)/(-6) + (-24)/(-9)?
3
Let v be 2/4 - 18/(-12). Suppose 0 = v*f - 0*f - j - 26, 4*f + 3*j - 52 = 0. What is the tens digit of f?
1
Let m = 47 - 11. What is the tens digit of m?
3
Suppose -2*s = -891 + 139. What is the tens digit of s?
7
Let t be 15/(-3)*(-6)/(-5). Let i(j) = -j**3 - 10*j**2 + 2*j + 12. Let q(b) = -b**2 + 1. Let h(s) = -i(s) + 4*q(s). What is the units digit of h(t)?
4
Let g = 14 + -3. What is the units digit of g/(-3*3/(-27))?
3
Suppose -48 = -4*k - 0*k. Suppose -4*n + 0 + k = 0. What is the units digit of n?
3
Suppose -x + 3*x - 54 = 0. What is the units digit of x?
7
Let m(y) = -y**2 + 15*y + 6. What is the units digit of m(11)?
0
Suppose -u - u + 20 = 0. What is the units digit of u?
0
Let l(c) = 24*c**3 - c - 3. What is the tens digit of l(2)?
8
Let c = 13 + -3. Let t = -6 + c. Suppose -5*s + 4 = -t*h, 2*s = h - 0*s + 4. What is the units digit of h?
4
Let y(u) be the third derivative of -2/3*u**3 + 1/12*u**4 + 0*u - u**2 + 0. What is the units digit of y(4)?
4
Let b = 216 + -116. What is the hundreds digit of b?
1
Suppose -5*r + 30 = -3*r. Suppose -z = 4*z - r. Suppose -z*q + 3 = -15. What is the units digit of q?
6
Suppose 0 = -2*f + 13 + 79. Suppose 2*d - 4*x - f = -x, 12 = 3*x. Let y = d - 17. What is the units digit of y?
2
Suppose -5*c + 6 = -2*c. Let v be c + 3/(-3) + 23. What is the units digit of ((-6)/(-8))/(6/v)?
3
Let c(y) = 3*y**2 + 2*y + 3. Let x be c(-5). Let i be (-4)/(-18) + x/18. Suppose -1 = -a - i*r, 5*a = -4*r + 26 + 11. What is the units digit of a?
9
Let c = -18 - -22. What is the units digit of c?
4
Let t(k) = k + 1. Let f be (-2 - -1) + 4/2. What is the units digit of t(f)?
2
Let k = -234 - -410. What is the hundreds digit of k?
1
Let i(p) = -1 + 4 + p**2 - 1 - 1 + 5*p. What is the units digit of i(-7)?
5
Suppose -4*o = -o - 96. What is the tens digit of o?
3
Let j = 7 + -4. Suppose g + g - 4*v + 14 = 0, -g = -j*v + 12. Suppose 21 = g*l + 3*x, -5*x + 4*x + 1 = -l. What is the units digit of l?
3
Let t be 10 + (2/2)/(-1). Suppose -t - 19 = 2*y. What is the units digit of ((-12)/(-14))/((-2)/y)?
6
Let z = 27 - 18. Let j = -4 + z. Suppose 0*r + j*x = r + 4, -4*r + 3*x + 1 = 0. What is the units digit of r?
1
Let d(w) = 12*w**3 - w**2 - w + 5. What is the units digit of d(2)?
5
Let p = -12 - -21. Let f = 14 + -10. Suppose -k - f*n - p = 0, 3*k - 5 = -2*n + 8. What is the units digit of k?
7
Suppose -2*i + 19 = j + 7, -2*j - i = -9. Suppose -3*v + 14 = j. Suppose 0 = 5*h + 2*w - 47 + 10, v*w = -5*h + 39. What is the units digit of h?
7
Let u be 6 + 1 + -3 + 0. What is the tens digit of 15*(u/(-12) - -1)?
1
Suppose -4*d = -3*f + 293 + 164, 0 = 3*d + 12. What is the hundreds digit of f?
1
Let m(s) = -s**3 + 12*s**2 - 13*s - 18. What is the tens digit of m(10)?
5
Suppose 1 = 3*i - 2*i. Suppose -i = -g + 3. Suppose g + 8 = n. What is the tens digit of n?
1
Let m be 2 - 4/(4/17). What is the units digit of m/1*4/(-6)?
0
Let h(t) = 14*t + 20. What is the hundreds digit of h(9)?
1
Suppose -3*v = 4*y - 3, -2*v + 2 = -0*v. Suppose 2*m - 2*d - 16 = y, 12 = m + 2*d - 4*d. Suppose 0*j = -m*j + 24. What is the units digit of j?
6
Suppose -6*k + 84 = -2*k. What is the tens digit of k?
2
Suppose -r + 20 = 3*r. Suppose -5 = 5*b, 0 = -r*q + 4*b + b + 340. Suppose -5*m + 3*x + q = 0, m - 6 - 10 = -2*x. What is the units digit of m?
4
Let o(q) = -q**3 - 6*q**2 - 3*q - 9. Let g be 88/(-14) - 2/(-7). What is the units digit of o(g)?
9
Let a(s) = s**2 + s + 23. What is the units digit of a(0)?
3
Let v be ((-2 - 0) + 2)*1. Suppose 0*q = -3*y + 2*q + 14, v = 5*y - 4*q - 24. What is the units digit of y?
4
Let j(m) = 2*m. Suppose 4 + 6 = 5*o. Suppose 7 = 2*q + x, q - o*x = -0*x - 4. What is the units digit of j(q)?
4
Suppose -3*i - 4*w - 200 = -5*w, -60 = i - 2*w. Let a = -41 - i. What is the tens digit of a?
2
Let b(c) = -c**3 + 8*c**2 + c - 6. Let h be b(8). Suppose h*i + 10 = -2*v, -3*v + 2*v - 25 = 5*i. What is the units digit of 2*1/i*-10?
4
Suppose -64 = -3*z + 23. Let a be 82*(5/2 - 2). Let k = a - z. What is the tens digit of k?
1
Let o = -11 - -15. Suppose 5*x + 5*b = -0*b + 40, -5*b = o*x - 33. Let i(j) = j**2 - 6*j - 2. What is the units digit of i(x)?
5
Suppose -w = -4*r - 53, 3*w = 3*r - 2*r + 137. What is the units digit of w?
5
Let b be (42/(-8))/(5/(-100)). Suppose -3*m + 44 = 5*q, 2*q - 23 = -0*q - 3*m. Suppose -2*z + b = 5*v - q*z, 103 = 5*v - 4*z. What is the units digit of v?
9
Let d be (33/(-4))/(3/(-36)). Let w = d - 70. What is the tens digit of w?
2
Let g(b) = b**2 + 15*b + 49. What is the units digit of g(-19)?
5
Let d(w) = -w**2 - w - 14. Let z be d(0). What is the tens digit of z/21 + (-136)/(-6)?
2
Let d = 34 + -10. What is the tens digit of d?
2
Let a(w) = 2*w - 1. Let u be a(2). What is the units digit of (-15)/(-5)*10/u?
0
Let z(c) be the second derivative of c**5/20 + 3*c**4/4 + c**3 + 3*c**2 + 4*c. What is the units digit of z(-8)?
2
Let h(w) = w**2 + w + 1. Let l be h(-2). Let o be -1 - (-3*1)/l. Suppose -22 = -2*z - o*z. What is the tens digit of z?
1
Let f be -2 + -3 - 4/2. Let i be (-2)/7 + (-37)/f. What is the units digit of i/4 - 2/8?
1
Let j be (1 - 1)/(-2)*-1. Let c be 0/(-2) - (4 - 4). Suppose -b + s + 1 = c, j*s - s - 10 = -4*b. What is the units digit of b?
3
Suppose -3*k - 14 = 7. Let o = 4 + k. What is the units digit of (1 + o)*3/(-6)?
1
Suppose n - 220 = -4*n. Suppose 0 = -3*u - 3, 9 = -4*t + 3*u + n. Let c = t + 2. What is the units digit of c?
0
Suppose s + 14 = 5*h, 2*s + 2 = -5*h + 4. Suppose -h*j = 3*j - 15. What is the units digit of j?
3
Let b = 142 + -98. What is the units digit of b?
4
Suppose 0*b - 12 = -3*b. What is the tens digit of (-4)/b + 1 + 11?
1
Suppose t = 0, -2 = -u + 4*t - 2*t. Suppose s + u*s = 42. What is the tens digit of s?
1
Let g be 256/44 - 4/(-22). Let a be (-3)/g*-1*4. Suppose -a*i - z - 2*z = -20, 0 = 3*z - 6. What is the units digit of i?
7
Suppose 0 = -4*o + 8, 4*j - 7*j + 2*o + 14 = 0. Let a be (j/(-6))/(1*-1). Let f = a - -1. What is the units digit of f?
2
Let l be 4*-1*9/3. What is the units digit of 3*(-2)/l*28?
4
Suppose 4*o + 1 = 5*o + 2*q, q = 2. Let x be ((-3)/(-9))/(1/6). What is the units digit of -1*(0 + x + o)?
1
Suppose -3*o = 2*o + 3*u + 34, 0 = -o - 3*u - 2. Let s = 4 - o. What is the units digit of s?
2
Suppose 895 = 21*m - 16*m. What is the tens digit of m?
7
Suppose -3*z + z = 10. Let v(h) = -h**3 - 4*h**2 - 5*h - 7. What is the units digit of v(z)?
3
Suppose 0 = -3*u + 60 + 60. What is the tens digit of u?
4
Let c = 135 - 81. What is the units digit of c?
4
Let v be (-1)/2 - 54/(-12). What is the tens digit of ((-31)/v)/(7/(-28))?
3
Let q(r) = -40*r - 3. What is the tens digit of q(-1)?
3
Let a(j) = -13*j - 7. What is the units digit of a(-4)?
5
Suppose -3*p + 6 = i - 3*i, -4*p + 8 = 2*i. Let s = 5 - i. Suppose -s*x = -4 - 11. What is the units digit of x?
3
Let t = 5 + -2. Suppose -t*p - 74 = -5*p. Let x = -19 + p. What is the tens digit of x?
1
Suppose 6*a + 5*l - 320 = a, -2*a = 5*l - 143. What is the tens digit of a?
5
Suppose 44*s - 42*s - 290 = 0. What is the hundreds digit of s?
1
